uppose -1 - a = 4*y, -u = -4*z - 5*y. What is the greatest common factor of 30 and z?
15
Let q = 131 - 60. Let b be 44*1 - 3 - 1 - 1. Let d = q - b. Calculate the highest common factor of 128 and d.
32
Let q = -186 + 190. Calculate the highest common divisor of 4 and q.
4
Let h(g) = -g**2 + 21*g - 14. Let i be h(20). Suppose 101 = 4*a - 91. Calculate the greatest common factor of a and i.
6
Let q = 602 - 441. Calculate the highest common factor of 49 and q.
7
Let u(c) = c**2 + c + 117. Let w(q) = q + 3. Let m be w(-3). Let v be u(m). Suppose 15*k + 130 = 25*k. Calculate the highest common divisor of k and v.
13
Let p(s) = s**3 + 42*s**2 - 5*s + 79. Let r be p(-40). Calculate the highest common divisor of r and 71.
71
Let k(f) = -f**2 + 9*f + 9. Let q be k(-6). Let j = q - -85. Calculate the greatest common factor of j and 4.
4
Let w be (44/(-30)*5)/((-2)/9). What is the greatest common divisor of 209 and w?
11
Let z(q) = -2*q**2 - 30*q + 2. Let n be z(-14). Calculate the highest common divisor of n and 60.
30
Let r = -10 - -13. Let u(h) = -5 + 6*h**3 - 8*h - h + 0*h - 4*h**r - 7*h**2. Let x be u(7). What is the greatest common factor of x and 25?
25
Let n = 386 + -166. Suppose -4*z = 5*x - n, 0 = 4*z + 3*x + x - 224. Let p(d) = 3*d**2 - d - 2. Let i be p(-2). What is the highest common divisor of i and z?
12
Let v = -61 - -66. Suppose v*w = 25 + 25. What is the greatest common divisor of 80 and w?
10
Let f(t) = 2*t**2 - 8*t + 4. Let o be f(-4). Let h = o + -48. What is the highest common divisor of 70 and h?
10
Let t = 8 - 2. Let i = -91 + 96. Let f be 3/(-3) - i/(30/(-258)). Calculate the highest common factor of t and f.
6
Suppose 12 = 12*q - 8*q, 5*f + 2*q = 1026. What is the greatest common divisor of 68 and f?
68
Let q be (-2359)/(-9) + (-9)/81. Suppose -2*a + 2*w = -0*w - 250, 2*a - 5*w - q = 0. Calculate the highest common divisor of 11 and a.
11
Suppose 2*x + 0 = 8. Let i be ((-638)/x)/(-1) + (-8)/(-16). Calculate the greatest common factor of i and 10.
10
Suppose 0 = -2*p + 3*p + 11. Let b = -7 - p. Suppose b*x - 238 = 154. What is the highest common factor of x and 14?
14
Let t = -463 + 474. Calculate the greatest common divisor of 913 and t.
11
Let i = 184 - 132. What is the greatest common divisor of i and 16?
4
Let o(t) = 29*t**2 - 3*t - 3. Let q be o(-2). Suppose 5*b - q - 331 = 0. What is the greatest common divisor of 10 and b?
10
Suppose -21*v = -20*v - 216. Calculate the highest common divisor of 8 and v.
8
Let i(x) = x**2 + 15*x + 58. Let s be i(-5). What is the highest common factor of s and 72?
8
Let o(s) = 3*s**2 - 52*s - 43. Let m be o(22). Calculate the highest common divisor of 53 and m.
53
Let y = -117 + 143. What is the greatest common divisor of 39 and y?
13
Suppose 3*t - 3*r - 6 = 0, 8 = 3*t - t + 2*r. Calculate the highest common divisor of 16 and t.
1
Let b(i) = -3*i + 44. Let d be b(-32). What is the greatest common factor of d and 84?
28
Let m(x) = 2*x**2 - 50*x + 70. Let w be m(24). Calculate the greatest common divisor of w and 11.
11
Let r be (-1)/3 - 1694/(-33). Let h be (-12224)/(-136) + 6/r. Calculate the highest common divisor of 10 and h.
10
Let w(a) = a**2 + 10*a - 57. Let n be w(5). What is the highest common divisor of 342 and n?
18
Suppose -a - 2*a = 6, -8 = -x - a. Suppose x*w + 8 = 12*w. What is the highest common factor of 28 and w?
4
Let c be (3 + 46/(-10))*(-61 - -1). Let q be 8*8/c + 19/3. What is the highest common factor of 70 and q?
7
Let q = -115 - -120. Suppose q*r = 2*f + 114, 3*r + 36 = 4*r + 4*f. Calculate the highest common divisor of r and 216.
24
Let x = 124 - 123. Let f be (-1 + (9 - 4))*(3 - x). Calculate the highest common factor of f and 72.
8
Suppose 190 = 4*g + 18. Suppose 0 = i, 4*q - 5*i - 688 = -4*i. Calculate the greatest common factor of g and q.
43
Let z be ((-4)/(-10))/(16/1720). Calculate the highest common divisor of 1462 and z.
43
Suppose -1 = 4*x + 15. Let y be (-12)/(-3 + (45/x)/(-5)). What is the greatest common divisor of y and 64?
16
Suppose 4*k + 0*k = 496. Let q be 0*(-1 + 0)/1. Suppose 5*j - k + 24 = q. What is the highest common factor of 80 and j?
20
Suppose 0 = -2*y + v + 92, -6*y - 2*v - 40 = -7*y. Calculate the greatest common factor of y and 120.
24
Suppose 29*n = 19*n + 800. Let z be 15*((-2)/6 - -1). What is the greatest common divisor of z and n?
10
Suppose 13*a - 351 = 624. What is the greatest common factor of a and 60?
15
Let z = 810 + -693. What is the greatest common factor of z and 156?
39
Let q = 348 + -341. What is the greatest common factor of 280 and q?
7
Let m be (-65)/26*(-14 - -2). Suppose -m - 28 = -2*u - 2*v, -2*u + 4*v = -58. What is the highest common factor of u and 116?
29
Suppose -4*z - 16 = -8*z. Suppose -4*o - z*k + 32 = -2*o, 4*k - 42 = -3*o. What is the greatest common factor of o and 20?
10
Suppose -7*p + 87 + 375 = 0. Let h = 2 - 12. Let k be ((-132)/h)/((-24)/(-80)). Calculate the greatest common divisor of p and k.
22
Let q = 717 - 430. Suppose -3*k - 2*n = -q, 4*k - 2*n - 105 - 301 = 0. Suppose -p + 34 = 3*p + 2*v, -5*v = p - 4. What is the highest common factor of p and k?
9
Suppose 2816 = 20*y + 24*y. Calculate the highest common factor of y and 1024.
64
Suppose 5*y + 3*i = 190, 37*y - 41*y - 3*i + 155 = 0. Let n be (-42)/(-8)*16/6. Suppose u + u = n. Calculate the greatest common divisor of y and u.
7
Suppose 2*o - o = s - 572, 2*o - 2832 = -5*s. Calculate the greatest common factor of 1278 and s.
142
Suppose 0 = -3*g - 2*g + 5. Suppose -c + g + 15 = -5*m, 2 = -m. Let x = 21 - 9. What is the highest common divisor of x and c?
6
Let z(t) = 51*t**2 - 3*t - 4. Let i be z(-3). Calculate the greatest common divisor of 29 and i.
29
Let m(p) = -p**2 - 30*p - 24. Let b be m(-14). Suppose 3*l - b = -128. Calculate the highest common divisor of l and 24.
24
Let b = -2171 + 2183. What is the highest common divisor of b and 108?
12
Let y = -26 - -46. Suppose 9 - 5 = 2*a. Let t = 32 - a. Calculate the highest common divisor of y and t.
10
Let r be (-585)/(-10) - (-2)/(-4). Let b = r + -30. Suppose -4*x + 33 = 5*y, 0*x + 22 = 3*x + y. Calculate the greatest common divisor of b and x.
7
Suppose 0 = 3*h + 3*j + 2*j - 416, 4*h - 570 = j. Suppose o - 34 = s, -5*s = -s - o + h. Let d = -26 - s. What is the highest common divisor of 2 and d?
2
Let a(b) = b**3 + b**2 - b. Let t be a(3). Let q = 954 + -951. What is the highest common factor of t and q?
3
Let r be (0 + 10/(-6))/(4/(-12)). Suppose 150 = 3*y - 2*g, 3*g = -r*y + g + 266. Calculate the greatest common factor of y and 13.
13
Suppose 11*h - 9*h = 54. Let y = h + 2. Calculate the greatest common factor of y and 203.
29
Suppose -10*f = -11*f + 12. Suppose f = 4*h, -5*h = 3*o - o - 73. Calculate the highest common factor of 29 and o.
29
Let t = 1443 + -1366. What is the highest common divisor of 297 and t?
11
Let r = -81 + 93. Calculate the highest common factor of r and 102.
6
Suppose 16*o = 1119 + 2401. What is the highest common factor of o and 40?
20
Let v(a) = -5*a**2 - 175*a + 3. Let b be v(-35). What is the greatest common factor of b and 447?
3
Let r(g) = 108*g**2 + g + 1. Let t(n) = n**2 - 6*n. Let x be t(5). Let y = x + 4. Let h be r(y). What is the highest common factor of 18 and h?
18
Suppose -4*b - 16 = -8*b. Suppose -12 = -m + c, m = -b*c + 3*c + 8. Calculate the greatest common divisor of 110 and m.
10
Let i be (-18)/(-63) + 1 + 1065/21. Suppose -49 = -2*r + 5*m - 12, -3*m = r - 35. Calculate the greatest common divisor of i and r.
26
Suppose 5*k - 2*i = 80 + 274, k + i = 75. Let n = 548 + -368. Calculate the highest common factor of n and k.
36
Suppose 3*b + k + 2*k = 12, 3*k + 23 = 4*b. Suppose b*l + 47 = -13. Let c(s) = s + 13. Let z be c(l). What is the highest common factor of z and 3?
1
Let o = 217 - 193. What is the highest common factor of 216 and o?
24
Suppose 0 = -377*s + 358*s + 228. Let r(h) = 7*h**2 - 3. Let f be r(-3). Calculate the highest common factor of s and f.
12
Let w = 2985 + -2919. Calculate the greatest common divisor of 121 and w.
11
Let j(y) = 12*y - 46. Let w be j(5). Let s be (-1 - -22)*(3 - 1). What is the greatest common divisor of s and w?
14
Suppose 0 - 9 = -3*t + 3*b, 0 = -2*t + 4*b + 6. Suppose t*d = 2*z - 0*z - 24, -2*d + 26 = z.